{"id":8632,"date":"2016-03-25T00:06:42","date_gmt":"2016-03-24T22:06:42","guid":{"rendered":"http:\/\/www.homepage-fuer-firmen.de\/bsp11\/?page_id=8632"},"modified":"2025-02-02T12:39:16","modified_gmt":"2025-02-02T10:39:16","slug":"schwerpunkte","status":"publish","type":"page","link":"https:\/\/pfimed.de\/index.php\/schwerpunkte\/","title":{"rendered":"Schwerpunkte"},"content":{"rendered":"<div class=\"row \"><div class=\"wpv-grid grid-1-1  wpv-first-level first has-background extended\" style=\"background-color:#ffffff;padding-top:33px;padding-bottom:29px\" id=\"wpv-column-677af8ab0c01129630d9ea58803f2e24\" ><div class=\"extended-column-inner\"><style scoped>#wpv-column-677af8ab0c01129630d9ea58803f2e24 p,#wpv-column-677af8ab0c01129630d9ea58803f2e24 em,#wpv-column-677af8ab0c01129630d9ea58803f2e24 .column-title,#wpv-column-677af8ab0c01129630d9ea58803f2e24 .sep-text h2.regular-title-wrapper,#wpv-column-677af8ab0c01129630d9ea58803f2e24 .text-divider-double,#wpv-column-677af8ab0c01129630d9ea58803f2e24 .sep-text .sep-text-line,#wpv-column-677af8ab0c01129630d9ea58803f2e24 .sep,#wpv-column-677af8ab0c01129630d9ea58803f2e24 .sep-2,#wpv-column-677af8ab0c01129630d9ea58803f2e24 .sep-3,#wpv-column-677af8ab0c01129630d9ea58803f2e24 td,#wpv-column-677af8ab0c01129630d9ea58803f2e24 th,#wpv-column-677af8ab0c01129630d9ea58803f2e24 caption{color:#808080;}#wpv-column-677af8ab0c01129630d9ea58803f2e24:before{background-color:transparent;}<\/style>\t\t<div class=\"sep-text single centered\">\n\t\t\t\t\t\t\t<span class=\"sep-text-before\"><div class=\"sep-text-line\"><\/div><\/span>\n\t\t\t\t\t\t<div class=\"content\">\n\t\t\t\t\n<a name=\"manuelle-medizin\"><\/a>\n<h2>Akupunktur &amp; Manuelle Medizin \/ Chirotherapie<\/h2>\n\t\t\t<\/div>\n\t\t\t<span class=\"sep-text-after\"><div class=\"sep-text-line\"><\/div><\/span>\n\t\t\t\t\t<\/div>\n\t\n<div class=\"row \"><div class=\"wpv-grid grid-1-3  first unextended animation-from-left animated-active\" style=\"padding-top:0px;padding-bottom:0px\" id=\"wpv-column-19edf4cc0ecbb7bac6f500ebab8d3c1f\" ><div class=\"services clearfix fullimage has-image has-icon has-button \" style=\"text-align:center;\">\n\t<div class=\"services-inside\">\n\t\t\t\t\t\t\t\t\t<div class=\"thumbnail\">\n\t\t\t\t\t\t\t\t\t\t\t<a href=\"http:\/\/pfimed.de\/index.php\/schroepfen_triggerpunktakupunktur\/\" title=\"Schr\u00f6pfen &amp; Triggerpunkt-Akupunktur\" class=\"has-border\">\n\t\t\t\t\t\t\t\t\t\t\t\t\t\t\t\t\t\t<img decoding=\"async\" src=\"http:\/\/pfimed.de\/wp-content\/uploads\/2016\/03\/schroe1_klein.jpg\" alt=\"\" \/>\t\t\t\t\t\t\t\t\t\t\t\t\t\t\t\t\t<\/a>\n\t\t\t\t\t\t\t\t\t<\/div>\n\t\t\t\t\t\t\t\t\t<div class=\"sep-2\"><\/div>\n\t\t\t\t\t\t\t\t\t\t\t\t\t\t<h3 class=\"services-title\">\n\t\t\t\t\t\t\t\t\t<a href=\"http:\/\/pfimed.de\/index.php\/schroepfen_triggerpunktakupunktur\/\" title=\"Schr\u00f6pfen &amp; Triggerpunkt-Akupunktur\">Schr\u00f6pfen &amp; Triggerpunkt-Akupunktur<\/a>\n\t\t\t\t\t\t\t<\/h3>\n\t\t\t\t\t\t\t<div class=\"services-content\">\n<p style=\"text-align: center;\">Die Schr\u00f6pftherapie ist zusammen mit der Triggerpunkt-Akupunktur ein hervorragendes lokales Verfahren zur Schmerzreduktion und Reflextherapie<br \/>\n<\/div>\n\t\t\t\t\t\t\t<div class=\"services-button-wrap\">\n\t\t\t\t<a href=\"http:\/\/pfimed.de\/index.php\/schroepfen_triggerpunktakupunktur\/\"><span class=\"btext\">mehr erfahren<\/span><\/a>\n\t\t\t<\/div>\n\t\t\t<\/div>\n<\/div>\n<\/div>\n<div class=\"wpv-grid grid-1-3  unextended animation-fade-in animated-active\" style=\"padding-top:0px;padding-bottom:0px\" id=\"wpv-column-7eff3afcab31c068ac681ee91b6f3b0a\" ><div class=\"services clearfix fullimage has-image has-icon has-button \" style=\"text-align:center;\">\n\t<div class=\"services-inside\">\n\t\t\t\t\t\t\t\t\t<div class=\"thumbnail\">\n\t\t\t\t\t\t\t\t\t\t\t<a href=\"http:\/\/pfimed.de\/index.php\/manuelle_medizin\/\" title=\"Manuelle Medizin \/ Chirotherapie\" class=\"has-border\">\n\t\t\t\t\t\t\t\t\t\t\t\t\t\t\t\t\t\t<img decoding=\"async\" src=\"http:\/\/pfimed.de\/wp-content\/uploads\/2014\/05\/Chirotherapie1.jpg\" alt=\"\" \/>\t\t\t\t\t\t\t\t\t\t\t\t\t\t\t\t\t<\/a>\n\t\t\t\t\t\t\t\t\t<\/div>\n\t\t\t\t\t\t\t\t\t<div class=\"sep-2\"><\/div>\n\t\t\t\t\t\t\t\t\t\t\t\t\t\t<h3 class=\"services-title\">\n\t\t\t\t\t\t\t\t\t<a href=\"http:\/\/pfimed.de\/index.php\/manuelle_medizin\/\" title=\"Manuelle Medizin \/ Chirotherapie\">Manuelle Medizin \/ Chirotherapie<\/a>\n\t\t\t\t\t\t\t<\/h3>\n\t\t\t\t\t\t\t<div class=\"services-content\">\nSchmerzen und St\u00f6rungen des Bewegungsaparates behandeln wir mit schonenden manuellen Ma\u00dfnahmen. Unter Zuhilfenahme weicher Techniken der Osteopathie l\u00f6sen wir Blockaden und sorgen f\u00fcr die Wiederherstellung der Mobilit\u00e4t.<\/div>\n\t\t\t\t\t\t\t<div class=\"services-button-wrap\">\n\t\t\t\t<a href=\"http:\/\/pfimed.de\/index.php\/manuelle_medizin\/\"><span class=\"btext\">mehr erfahren<\/span><\/a>\n\t\t\t<\/div>\n\t\t\t<\/div>\n<\/div>\n<\/div>\n<div class=\"wpv-grid grid-1-3  unextended animation-from-right animated-active\" style=\"padding-top:0px;padding-bottom:0px\" id=\"wpv-column-3723b1f9df44cc54fa3e79b6a657b2f0\" ><div class=\"services clearfix fullimage has-image has-icon has-button \" style=\"text-align:center;\">\n\t<div class=\"services-inside\">\n\t\t\t\t\t\t\t\t\t<div class=\"thumbnail\">\n\t\t\t\t\t\t\t\t\t\t\t<a href=\"http:\/\/pfimed.de\/index.php\/akupunktur\/\" title=\"Akupunktur\" class=\"has-border\">\n\t\t\t\t\t\t\t\t\t\t\t\t\t\t\t\t\t\t<img decoding=\"async\" src=\"http:\/\/pfimed.de\/wp-content\/uploads\/2016\/03\/aku1.jpg\" alt=\"\" \/>\t\t\t\t\t\t\t\t\t\t\t\t\t\t\t\t\t<\/a>\n\t\t\t\t\t\t\t\t\t<\/div>\n\t\t\t\t\t\t\t\t\t<div class=\"sep-2\"><\/div>\n\t\t\t\t\t\t\t\t\t\t\t\t\t\t<h3 class=\"services-title\">\n\t\t\t\t\t\t\t\t\t<a href=\"http:\/\/pfimed.de\/index.php\/akupunktur\/\" title=\"Akupunktur\">Akupunktur<\/a>\n\t\t\t\t\t\t\t<\/h3>\n\t\t\t\t\t\t\t<div class=\"services-content\">\nWir setzen die klassische Akupunktur erfolgreich zur Schmerz- und Suchttherapie, bei Verspannungen und Migr\u00e4ne sowie bei Allergien und Schlafst\u00f6rungen ein.<\/div>\n\t\t\t\t\t\t\t<div class=\"services-button-wrap\">\n\t\t\t\t<a href=\"http:\/\/pfimed.de\/index.php\/akupunktur\/\"><span class=\"btext\">mehr erfahren<\/span><\/a>\n\t\t\t<\/div>\n\t\t\t<\/div>\n<\/div>\n<\/div><\/div><\/div><\/div><\/div>\n\t\t<div class=\"sep-text single centered\">\n\t\t\t\t\t\t\t<span class=\"sep-text-before\"><div class=\"sep-text-line\"><\/div><\/span>\n\t\t\t\t\t\t<div class=\"content\">\n\t\t\t\t\n<a name=\"naturheilverfahren\"><\/a>\n<h2>Naturheilverfahren<\/h2>\n\t\t\t<\/div>\n\t\t\t<span class=\"sep-text-after\"><div class=\"sep-text-line\"><\/div><\/span>\n\t\t\t\t\t<\/div>\n\t\n<div class=\"row \"><div class=\"wpv-grid grid-1-2  wpv-first-level first unextended animation-fade-in animated-active\" style=\"padding-top:0px;padding-bottom:0px\" id=\"wpv-column-b9eb46b2ab3893c269c7a412b6e7650d\" ><div class=\"services clearfix fullimage has-image has-icon has-button \" style=\"text-align:center;\">\n\t<div class=\"services-inside\">\n\t\t\t\t\t\t\t\t\t<div class=\"thumbnail\">\n\t\t\t\t\t\t\t\t\t\t\t<a href=\"http:\/\/pfimed.de\/index.php\/darmsymbioselenkung\/\" title=\"Darmsymbioselenkung\" class=\"has-border\">\n\t\t\t\t\t\t\t\t\t\t\t\t\t\t\t\t\t\t<img decoding=\"async\" src=\"http:\/\/pfimed.de\/wp-content\/uploads\/2016\/03\/Fotolia_92533760_XS_1.jpg\" alt=\"\" \/>\t\t\t\t\t\t\t\t\t\t\t\t\t\t\t\t\t<\/a>\n\t\t\t\t\t\t\t\t\t<\/div>\n\t\t\t\t\t\t\t\t\t<div class=\"sep-2\"><\/div>\n\t\t\t\t\t\t\t\t\t\t\t\t\t\t<h3 class=\"services-title\">\n\t\t\t\t\t\t\t\t\t<a href=\"http:\/\/pfimed.de\/index.php\/darmsymbioselenkung\/\" title=\"Darmsymbioselenkung\">Darmsymbioselenkung<\/a>\n\t\t\t\t\t\t\t<\/h3>\n\t\t\t\t\t\t\t<div class=\"services-content\">\nDie gezielte Untersuchung der Darmflora auf Fehlregulation und deren Lenkung ist eines unserer h\u00e4ufigsten Behandlungsans\u00e4tze. Sehr h\u00e4ufig finden sich positive Therapieerfolge u.a. bei Heuschnupfen, Neurodermitis und Infektanf\u00e4lligkeit.<\/div>\n\t\t\t\t\t\t\t<div class=\"services-button-wrap\">\n\t\t\t\t<a href=\"http:\/\/pfimed.de\/index.php\/darmsymbioselenkung\/\"><span class=\"btext\">mehr erfahren<\/span><\/a>\n\t\t\t<\/div>\n\t\t\t<\/div>\n<\/div>\n<\/div>\n<!--\n[column width=\"1\/2\" last=\"true\" title=\"undefined\" title_type=\"undefined\" animation=\"fade-in\" implicit=\"true\"]\n\n[services fullimage=\"true\" icon=\"apple\" icon_color=\"accent6\" icon_size=\"62\" background=\"accent1\" image=\"http:\/\/pfimed.de\/wp-content\/uploads\/2016\/10\/Fotolia_107731206_XS.jpg\" title=\"Eigenblutbehandlung\" text_align=\"center\" button_link=\"http:\/\/pfimed.de\/index.php\/eigenblutbehandlung\/\" button_text=\"mehr erfahren\"]\nTherapie mit UV-aktiviertem Eigenblut zur Steigerung der nat\u00fcrlichen Abwehrkr\u00e4fte und Verbesserung der Selbsheilungsf\u00e4higkeit, erfolgreich bei\nInfektanf\u00e4lligkeit und\u00a0Allergien (UVE) sowie bei\u00a0Durchblutungsst\u00f6rungen (UVB)\n\n[\/services]\n\n[\/column]\n--><br \/>\n<div class=\"wpv-grid grid-1-1  wpv-first-level has-background extended\" style=\"background-color:#ffffff;padding-top:25px;padding-bottom:0px\" id=\"wpv-column-e3ce9124c56f2038d9f3265d51f4c364\" ><div class=\"extended-column-inner\"><style scoped>#wpv-column-e3ce9124c56f2038d9f3265d51f4c364 p,#wpv-column-e3ce9124c56f2038d9f3265d51f4c364 em,#wpv-column-e3ce9124c56f2038d9f3265d51f4c364 .column-title,#wpv-column-e3ce9124c56f2038d9f3265d51f4c364 .sep-text h2.regular-title-wrapper,#wpv-column-e3ce9124c56f2038d9f3265d51f4c364 .text-divider-double,#wpv-column-e3ce9124c56f2038d9f3265d51f4c364 .sep-text .sep-text-line,#wpv-column-e3ce9124c56f2038d9f3265d51f4c364 .sep,#wpv-column-e3ce9124c56f2038d9f3265d51f4c364 .sep-2,#wpv-column-e3ce9124c56f2038d9f3265d51f4c364 .sep-3,#wpv-column-e3ce9124c56f2038d9f3265d51f4c364 td,#wpv-column-e3ce9124c56f2038d9f3265d51f4c364 th,#wpv-column-e3ce9124c56f2038d9f3265d51f4c364 caption{color:#808080;}#wpv-column-e3ce9124c56f2038d9f3265d51f4c364:before{background-color:transparent;}<\/style><\/div><\/div><\/div>\n\t\t<div class=\"sep-text single centered\">\n\t\t\t\t\t\t\t<span class=\"sep-text-before\"><div class=\"sep-text-line\"><\/div><\/span>\n\t\t\t\t\t\t<div class=\"content\">\n\t\t\t\t\n<a name=\"beratung-diagnostik\"><\/a>\n<h2>Beratung &amp; Diagnostik<\/h2>\n\t\t\t<\/div>\n\t\t\t<span class=\"sep-text-after\"><div class=\"sep-text-line\"><\/div><\/span>\n\t\t\t\t\t<\/div>\n\t\n<div class=\"row \"><div class=\"wpv-grid grid-1-3  first unextended animation-from-right animated-active\" style=\"padding-top:0px;padding-bottom:0px\" id=\"wpv-column-38b06694e36b22cbe402d2bfb571fd7c\" ><div class=\"services clearfix fullimage has-image has-icon has-button \" style=\"text-align:center;\">\n\t<div class=\"services-inside\">\n\t\t\t\t\t\t\t\t\t<div class=\"thumbnail\">\n\t\t\t\t\t\t\t\t\t\t\t<a href=\"http:\/\/pfimed.de\/index.php\/orthomolekulare-medizin\/\" title=\"Orthomolekulare Medizin\" class=\"has-border\">\n\t\t\t\t\t\t\t\t\t\t\t\t\t\t\t\t\t\t<img decoding=\"async\" src=\"http:\/\/pfimed.de\/wp-content\/uploads\/2016\/03\/Fotolia_80981582_XS_2.jpg\" alt=\"\" \/>\t\t\t\t\t\t\t\t\t\t\t\t\t\t\t\t\t<\/a>\n\t\t\t\t\t\t\t\t\t<\/div>\n\t\t\t\t\t\t\t\t\t<div class=\"sep-2\"><\/div>\n\t\t\t\t\t\t\t\t\t\t\t\t\t\t<h3 class=\"services-title\">\n\t\t\t\t\t\t\t\t\t<a href=\"http:\/\/pfimed.de\/index.php\/orthomolekulare-medizin\/\" title=\"Orthomolekulare Medizin\">Orthomolekulare Medizin<\/a>\n\t\t\t\t\t\t\t<\/h3>\n\t\t\t\t\t\t\t<div class=\"services-content\">\nDurch gezielte Analysen von Mikron\u00e4hrstoffen wie z.B. Vitaminen, Spurenelementen, Antioxidantien und Aminos\u00e4uren k\u00f6nnen wir individuelle\u00a0Empfehlungen zu Nahrungserg\u00e4nzungen abgeben.<br \/>\nH\u00e4ufige Anwendungsgebiete sind Ersch\u00f6pfungszust\u00e4nde\u00a0und die komplement\u00e4re Krebstherapie.<\/div>\n\t\t\t\t\t\t\t<div class=\"services-button-wrap\">\n\t\t\t\t<a href=\"http:\/\/pfimed.de\/index.php\/orthomolekulare-medizin\/\"><span class=\"btext\">mehr lesen<\/span><\/a>\n\t\t\t<\/div>\n\t\t\t<\/div>\n<\/div>\n<\/div>\n<div class=\"wpv-grid grid-1-3  unextended animation-fade-in animated-active\" style=\"padding-top:0px;padding-bottom:0px\" id=\"wpv-column-1443ae030f275de5ca9b9601ecb86fac\" ><div class=\"services clearfix fullimage has-image has-icon has-button \" style=\"text-align:center;\">\n\t<div class=\"services-inside\">\n\t\t\t\t\t\t\t\t\t<div class=\"thumbnail\">\n\t\t\t\t\t\t\t\t\t\t\t<a href=\"http:\/\/pfimed.de\/index.php\/sportmedizin\/\" title=\"Sportmedizin\" class=\"has-border\">\n\t\t\t\t\t\t\t\t\t\t\t\t\t\t\t\t\t\t<img decoding=\"async\" src=\"http:\/\/pfimed.de\/wp-content\/uploads\/2014\/05\/sportmedizin1.jpg\" alt=\"\" \/>\t\t\t\t\t\t\t\t\t\t\t\t\t\t\t\t\t<\/a>\n\t\t\t\t\t\t\t\t\t<\/div>\n\t\t\t\t\t\t\t\t\t<div class=\"sep-2\"><\/div>\n\t\t\t\t\t\t\t\t\t\t\t\t\t\t<h3 class=\"services-title\">\n\t\t\t\t\t\t\t\t\t<a href=\"http:\/\/pfimed.de\/index.php\/sportmedizin\/\" title=\"Sportmedizin\">Sportmedizin<\/a>\n\t\t\t\t\t\t\t<\/h3>\n\t\t\t\t\t\t\t<div class=\"services-content\">\nHierzu geh\u00f6ren die Laktat-Leistungsdiagnostik sowie das Anwenden von elastischen Tapes zur Schmerzreduktion und myofaszialer Unterst\u00fctzung.<\/div>\n\t\t\t\t\t\t\t<div class=\"services-button-wrap\">\n\t\t\t\t<a href=\"http:\/\/pfimed.de\/index.php\/sportmedizin\/\"><span class=\"btext\">mehr erfahren<\/span><\/a>\n\t\t\t<\/div>\n\t\t\t<\/div>\n<\/div>\n<\/div>\n<!--\n[column_1 width=\"1\/3\" last=\"true\" title=\"undefined\" title_type=\"undefined\" animation=\"from-left\" implicit=\"true\"]\n\n[services fullimage=\"true\" icon=\"apple\" icon_color=\"accent6\" icon_size=\"62\" background=\"accent1\" image=\"http:\/\/pfimed.de\/wp-content\/uploads\/2016\/03\/Fotolia_93557956_XS_1.jpg\" title=\"Ern\u00e4hrungsberatung\" text_align=\"center\" button_link=\"http:\/\/pfimed.de\/index.php\/ernaehrungsberatung\/\" button_text=\"mehr erfahren\"]\nAls zertifizierte Ern\u00e4hrungsberaterin f\u00fchrt Frau Schmitt\u00a0gezielte Schulungen u.a. bei Adipositas, Diabetes mellitus und im Rahmen von Stoffwechselanalysen durch. Gemeinsam finden wir f\u00fcr Sie die passende Ern\u00e4hrungsweise.\n\n[\/services]\n\n[\/column_1]\n\n[\/column]\n--><br \/>\n<div class=\"push\" style='height:35px'><\/div>\n","protected":false},"excerpt":{"rendered":"","protected":false},"author":5,"featured_media":0,"parent":0,"menu_order":0,"comment_status":"closed","ping_status":"open","template":"","meta":{"footnotes":""},"class_list":["post-8632","page","type-page","status-publish"],"_links":{"self":[{"href":"https:\/\/pfimed.de\/index.php\/wp-json\/wp\/v2\/pages\/8632","targetHints":{"allow":["GET"]}}],"collection":[{"href":"https:\/\/pfimed.de\/index.php\/wp-json\/wp\/v2\/pages"}],"about":[{"href":"https:\/\/pfimed.de\/index.php\/wp-json\/wp\/v2\/types\/page"}],"author":[{"embeddable":true,"href":"https:\/\/pfimed.de\/index.php\/wp-json\/wp\/v2\/users\/5"}],"replies":[{"embeddable":true,"href":"https:\/\/pfimed.de\/index.php\/wp-json\/wp\/v2\/comments?post=8632"}],"version-history":[{"count":69,"href":"https:\/\/pfimed.de\/index.php\/wp-json\/wp\/v2\/pages\/8632\/revisions"}],"predecessor-version":[{"id":10659,"href":"https:\/\/pfimed.de\/index.php\/wp-json\/wp\/v2\/pages\/8632\/revisions\/10659"}],"wp:attachment":[{"href":"https:\/\/pfimed.de\/index.php\/wp-json\/wp\/v2\/media?parent=8632"}],"curies":[{"name":"wp","href":"https:\/\/api.w.org\/{rel}","templated":true}]}}